-5*h + 20 = 0. Suppose 0 = -m + 2*m - s. Suppose 95 = m*d - d. What is the remainder when d is divided by 7?
5
Let t = 51 - -16. Suppose -59 = -12*m + 109. Calculate the remainder when t is divided by m.
11
Suppose 5*t + 0*t = 605. Let v = t + -69. Suppose -2*s - v = -6*s. Calculate the remainder when s is divided by 5.
3
What is the remainder when (-18)/27 - 212/(-3) is divided by 25?
20
Let y be 7/3 + (-6)/(-9). Suppose 0*t = 5*w - 2*t - 97, y*w - 54 = -3*t. Calculate the remainder when w is divided by 11.
8
Suppose 0 = s + s - 28. Calculate the remainder when 53 is divided by s.
11
Let c(m) = m**2 + 11*m + 5. Let l be ((-22)/(-8))/(7/(-28)). Let i(b) = 3*b**2 + 3*b - 1. Calculate the remainder when i(-3) is divided by c(l).
2
Suppose 0 = c + 4, 3*g + 18 - 57 = 3*c. Suppose -3*p + 3 + g = 0. Suppose 4*f - 4*n = p, 0*f + f + n = 5. Calculate the remainder when f is divided by 1.
0
Let p = 5 - 3. Let l be 1/((-2)/8) + -1. Let c = l - -9. Calculate the remainder when c is divided by p.
0
Suppose -4*h = -3*d - 112 + 25, -4*d = -3*h + 74. What is the remainder when 71 is divided by h?
17
Let g = -20 + 49. What is the remainder when g is divided by 8?
5
Let i = 22 + -33. Let o(u) = -u**3 - 11*u**2 - 8*u - 10. Calculate the remainder when o(i) is divided by 20.
18
Let n = 69 - 55. What is the remainder when n is divided by 8?
6
Suppose 0 = 4*b - 3*b - 29. Calculate the remainder when b is divided by 8.
5
Let z(n) = 2*n**2 + 2*n - 5. Calculate the remainder when z(4) is divided by (-2 + -1)/((-1)/6*2).
8
Let z = 2 + -1. Let d be 34/5 - (-2)/10. What is the remainder when 16 is divided by d + 1/1 + z?
7
Suppose 7*b = 2*b + 205. What is the remainder when b is divided by 14?
13
Let m = 14 - 3. Let a(n) = n**2 + 5*n - 2. Let s be a(-5). Let b(t) = t**2 - 2*t - 2. What is the remainder when m is divided by b(s)?
5
Let u(r) = -r**3 + 4*r**2 + 7*r - 7. Let m be u(5). Suppose 0*g - m*g = -123. What is the remainder when g is divided by 14?
13
Suppose 2*v + v - 9 = 0. Let i(j) = -3*j + 11. Calculate the remainder when i(0) is divided by v.
2
Suppose 0 = -2*l + 6*l - 176. Suppose -l - 14 = -g. What is the remainder when g is divided by 20?
18
Let g be ((-4)/(-5))/((-4)/10). What is the remainder when 71 is divided by (-50)/g - 8/8?
23
Suppose 3*z = o - 13, 15 = -z + 6*z. Suppose 69 = -2*i + 15. Let v = i - -39. Calculate the remainder when o is divided by v.
10
Suppose 4*h + 39 = 7*h. What is the remainder when h is divided by 5?
3
Calculate the remainder when 54 is divided by -11*(4 + -6 + 1).
10
Suppose -396 = 23*u - 35*u. Calculate the remainder when u is divided by 19.
14
Suppose 0 = x - 14 - 6. What is the remainder when x is divided by 11?
9
Suppose -c - z = 9 - 45, -5 = -5*z. What is the remainder when 209 is divided by c?
34
Let h = -55 + 72. Calculate the remainder when 28 is divided by h.
11
What is the remainder when 30 is divided by 238/22 + (-6)/(-33)?
8
Let l(o) = 3*o + 2. Let c be -1 + 11 + (0 - -1). Let j = c - -20. Calculate the remainder when j is divided by l(3).
9
Suppose 3*r - 5*y = 25, 2*r - 5*y = 3 + 12. What is the remainder when 48 is divided by r?
8
Suppose -5*k = -5*i - 560, 0 = -2*k + 2*i - 4*i + 220. Calculate the remainder when k is divided by 28.
27
Let v = -28 - -72. Suppose -4*l + 3*m = -v, 5*l - 3*m = -m + 62. What is the remainder when 26 is divided by l?
12
Suppose -1 - 7 = -3*b - 4*j, 0 = 2*b - 5*j + 10. Let x = b - -9. What is the remainder when x is divided by 3?
0
Let c(g) = 2*g**2 + 5*g - 1. What is the remainder when 43 is divided by c(-4)?
10
Suppose -5*a + 3*n + 21 + 100 = 0, -5*a + 4*n + 123 = 0. What is the remainder when a is divided by 167/13 + (-6)/(-39)?
10
What is the remainder when (-4 - -2)*-1 - -17 is divided by 7?
5
Let f(h) = -2*h**2 + 24*h + 3. Let o(w) = -w + 9. What is the remainder when f(11) is divided by o(0)?
7
Let o = -9 - -21. Suppose 2*u = -3*u - 10. Calculate the remainder when (-234)/(-10) - u/(-5) is divided by o.
11
Let t(b) be the first derivative of -3*b**2/2 + b + 1. Let o be t(-4). Calculate the remainder when 25 is divided by 2*1/2*o.
12
Let l = -10 + 26. Let i = -20 + -32. Let t = 98 + i. What is the remainder when t is divided by l?
14
Let u be 2 + -1 + 105/(-7). Let s = u - -30. Let z(h) = -4*h - 3. Calculate the remainder when s is divided by z(-3).
7
Let q be ((-3)/((-9)/33))/1. Let b = q - -1. Let a = 4 + 3. What is the remainder when b is divided by a?
5
Let a(v) = -v**2 + 17*v - 13. What is the remainder when a(14) is divided by 15?
14
Let b(h) = -h**2 - 10*h - 8. Calculate the remainder when (-4)/6 - 155/(-3) is divided by b(-3).
12
Suppose 6*x - i - 67 = 2*x, -80 = -5*x + 2*i. Calculate the remainder when x is divided by 11.
7
Suppose 4*f - 7*f = -15. What is the remainder when 18 is divided by f?
3
Let m be -5 + 4 + 37 + 0. Suppose -4*u + 16 = -m. Calculate the remainder when 2/(-6)*(0 - 111) is divided by u.
11
Let v(l) = 13*l**2 + 2*l - 1. Suppose o - 9 - 16 = 0. Calculate the remainder when o is divided by v(1).
11
Suppose 10 + 2 = 3*o. Let i = 2 + 3. Suppose 0 = o*f + i*y - 27 - 156, -3*y = -3*f + 171. What is the remainder when f is divided by 27?
25
Let k = -16 - -43. Let w(o) = -5*o + 41. What is the remainder when w(-13) is divided by k?
25
Let p(q) = 42*q - 1. Let i be p(-1). Let o = -30 - i. What is the remainder when o is divided by 7?
6
Let w(k) = -k**2 + 8*k. Let f(p) = 2*p - 2. Let h be f(4). Calculate the remainder when 35 is divided by w(h).
11
Suppose -2*y + 4 = -4*y. Calculate the remainder when 24 is divided by y/(-12) - (-318)/36.
6
Let o(s) = 3*s + 4. Suppose -19*d - 40 = -23*d. Calculate the remainder when o(7) is divided by d.
5
Let a(g) = -g**2 + 5*g + 1. Let h be a(4). Suppose -3*n - h*k = -31, -3*n - 14 = -0*n - 4*k. What is the remainder when 6 is divided by n?
0
Let r = 32 + -1. Suppose 2*w - 3*x + 7*x - 6 = 0, 0 = 3*w + 5*x - 8. Suppose w + r = a. Calculate the remainder when a is divided by 11.
10
What is the remainder when -57*(-8 + -4 + 9) is divided by 58?
55
Let j = 61 - -17. What is the remainder when j is divided by 10?
8
Let k = 82 - 48. Let z = k - 21. What is the remainder when z is divided by 7?
6
Let u be (1 + -3)*5/(-2). Suppose 2*h + 3*f = 97, 0 = -0*h - u*h + 3*f + 190. What is the remainder when h is divided by 15?
11
Suppose 0 = 3*c - 1 - 8. Suppose 2*m + c*l = -l + 250, -2 = 2*l. Calculate the remainder when m is divided by 32.
31
Let u(q) = 3*q + 22. What is the remainder when 137 is divided by u(8)?
45
Let k = 5 - -11. Calculate the remainder when (10 - -3)*(-11)/((-55)/30) is divided by k.
14
Let m = 30 - 12. What is the remainder when (-29)/(-3) - 12/m is divided by 6?
3
Suppose x = -x - 24. Let q = x + 22. Suppose q = 3*k - 17. What is the remainder when 17 is divided by k?
8
Let c be 0 - (-38 + -1 + 0). Suppose h - 2*z - 12 = 0, -3*h = -0*h - 3*z - c. Calculate the remainder when h is divided by 5.
4
Suppose 105 + 9 = 6*a. Suppose -f + 8 = n, f = 5*f - 4*n. Calculate the remainder when a is divided by f.
3
Let x = -374 - -536. Suppose 0 = -3*l - 5*r - 0*r + x, 4*l = 5*r + 181. Let c = l + 5. What is the remainder when c is divided by 14?
12
Suppose -2*f - 3*f = 20. Let d = f + 4. Suppose 4*g - 4*w - 32 = d, -w + 22 = 2*g - 0*w. Calculate the remainder when g is divided by 6.
4
What is the remainder when (60/(-8))/3*-2 is divided by 2?
1
Suppose 35 = o - n, -5*o + 3*n - 13 = -184. Suppose z + o = 4*m - 0*z, -12 = -m - z. What is the remainder when 33 is divided by m?
6
Let z be (-292)/7 + 14/(-49). Let q = -22 - z. What is the remainder when q is divided by 11?
9
Let d(r) = 19*r**3 - 2*r**2 - 2*r + 3. What is the remainder when 21 is divided by d(1)?
3
Let u = 3 + -5. Let m be (1 + u)*(3 + -7). Let g(a) = a - 3. What is the remainder when 1 is divided by g(m)?
0
Suppose d + 0*d - c - 23 = 0, -c - 48 = -2*d. What is the remainder when d is divided by 9?
7
Suppose -2*o + 3 = -1. Calculate the remainder when 32 is divided by o.
0
Suppose -4*y - 331 = -135. Let g = 2 - y. What is the remainder when g is divided by 13?
12
Suppose 5*l = 4*l + 83. Suppose -5*d - 2*h = -6*h - l, -5*h = d - 34. What is the remainder when 55 is divided by d?
17
Suppose 0 = -4*i + 2*h + 58, 0*i - 3*h - 35 = -2*i. Suppose 8*l - 424 + 16 = 0. What